). Calculate the highest common divisor of q and 81.
3
Let q(u) be the first derivative of u**4/4 - 7*u**3/3 - u**2/2 - 8*u + 12. Let p be q(8). What is the greatest common factor of p and 24?
24
Let j be (((-4)/2)/2)/(9/(-306)). Calculate the highest common divisor of j and 1088.
34
Let j = -10 + 120. What is the greatest common factor of 22 and j?
22
Suppose -u = -2*s + 6*s - 431, -4*s = -3*u - 451. Let a = 114 - s. Calculate the greatest common divisor of a and 30.
5
Let f be (-2)/4 + 2132/104. Calculate the greatest common factor of f and 160.
20
Let z(c) = -3 - 3*c + 0*c - 1 + c. Let m(j) = 5*j + 7. Let f(u) = -3*m(u) - 7*z(u). Let b be f(5). What is the highest common divisor of b and 14?
2
Suppose -2*l + 5 + 1 = 0. Let y be 2/(-3) - 7/l. Let u be 12/(-4) - y - -45. What is the highest common factor of u and 18?
9
Suppose -4*l = 2*c - 488, 46 + 926 = 4*c + 4*l. Suppose 0 = -4*r + 2*s + 92, 0*s - 114 = -5*r + 2*s. Calculate the greatest common factor of r and c.
22
Let i = 4 + -2. Suppose -i*a - 3*a = -60. What is the greatest common factor of a and 8?
4
Suppose -546 = -8*w - 498. Calculate the highest common factor of 66 and w.
6
Let w(p) = p**2 + 6*p + 4. Let a be w(-8). Let g = -231 - -311. Calculate the highest common factor of a and g.
20
Suppose 0 = -0*p + 5*p - 275. Calculate the highest common factor of 88 and p.
11
Suppose 3*w - 4*c = 457, -468 = -3*w - 2*c - 35. Calculate the highest common divisor of w and 196.
49
Suppose -50*d - 1451 = -5201. Calculate the highest common divisor of d and 90.
15
Let i(q) = -q**3 - 10*q**2 + 17*q + 76. Let j be i(-11). Let s be (-2)/(-8) + 1317/12. What is the highest common divisor of s and j?
10
Suppose 9*a + 20 = 5*a. Let o be (20/a)/(-2) - -4. Calculate the greatest common factor of 24 and o.
6
Suppose -12 = 3*h, 5*j = -0*j - 2*h + 92. Let t be 132/(j/12 - 1). Suppose 0*n - 22 = -n. Calculate the highest common factor of n and t.
22
Let z(d) be the second derivative of d**5/20 - d**4/12 + d**3/3 - d**2 - d. Let w be z(2). Calculate the greatest common divisor of w and 54.
6
Let v = -20 + 9. Let f = v - -20. Suppose f*g - 6*g = 12. Calculate the highest common divisor of 2 and g.
2
Suppose 22*q - 95 = 17*q. What is the greatest common factor of q and 513?
19
Let m(g) = -g**2 - 9*g - 9. Let j be m(-2). Let i(p) = -p**3 + 4*p**2 + 8*p - 9. Let o be i(j). Calculate the greatest common divisor of o and 18.
6
Suppose -8*y + 5*b = -3*y - 325, y = -4*b + 55. Suppose 193 = 11*v + 39. Let h be (16/v)/2 + 531/63. What is the greatest common factor of h and y?
9
Let i be 1/(-2)*(3 + 1). Let b be (-44)/(-7) + i/7. Calculate the highest common factor of 6 and b.
6
Suppose 3*p - 4*p + 2 = 0. Suppose -94 = 4*h + p*w, -h + 2*h + 3*w + 21 = 0. Let j = 29 + h. Calculate the greatest common divisor of 1 and j.
1
Let w be 10036/117 - (2 + (-20)/9). Calculate the greatest common factor of 559 and w.
43
Suppose -3*b = a - 100, -2*a - 3*a + 472 = b. Let x = a + -81. Suppose 0 = -3*v - 2*v + 585. Calculate the greatest common divisor of x and v.
13
Let t = 44 + -50. Let c(x) = -x**3 + 16*x + 9. Let b be c(t). What is the greatest common divisor of b and 86?
43
Let n be (-1276)/(-33) + -3 + 1/3. What is the highest common divisor of 186 and n?
6
Suppose 10*a = 133 + 37. What is the greatest common divisor of a and 476?
17
Suppose -5*f - 5*y + 3*y = 276, -3*f + y = 170. Let x = -44 - f. Suppose -3*h - h + 40 = 2*o, -4 = -h. What is the greatest common factor of o and x?
12
Suppose 5*o - 25 = 0, -8*p + 3*p + o + 1120 = 0. Calculate the greatest common divisor of 9 and p.
9
Suppose -3*z - 45 = -0*z. Let h = z + 25. Suppose 7*f = 4*f - 2*i + 332, 4*i = -f + 114. Calculate the greatest common divisor of h and f.
10
Let u(y) = -297*y - 477. Let s be u(-2). Calculate the highest common factor of 36 and s.
9
Suppose 8 = 2*w + 5*a, -6*w + 5*w - 2*a + 5 = 0. Calculate the highest common factor of w and 1.
1
Let x = -15 - -21. Let j(q) = -14 + x + 3*q + 0 - 5*q. Let h be j(-12). Calculate the highest common factor of 4 and h.
4
Let b be (-938)/28*(-12 + 3 + -5). Calculate the highest common factor of b and 201.
67
Let s = -26 - -27. Let p(f) = 7*f - 1. Let n be p(s). What is the highest common divisor of 2 and n?
2
Suppose -73*o - 21*o + 35250 = 0. What is the greatest common divisor of o and 3?
3
Suppose 30*l = 27*l + 108. Calculate the highest common factor of l and 144.
36
Suppose 6*x + 5*v + 492 = 10*x, 0 = -v. Calculate the greatest common divisor of x and 9.
3
Let j be (33/(-4))/((-12)/64). Let b = j - 21. What is the highest common factor of b and 184?
23
Suppose 4*o = 14 - 2. Let x be (-7 - -4) + 3*o. Let q(c) = 2*c**2 - 3*c + 6. Let a be q(x). Calculate the greatest common divisor of 15 and a.
15
Suppose 2*a - 4 = 68. Calculate the greatest common factor of 4 and a.
4
Let x(n) = n + 9. Let d be x(1). Calculate the greatest common factor of 50 and d.
10
Suppose -38 = -2*t - 4. Let f = -1070 - -1104. What is the highest common divisor of t and f?
17
Let t = -10 + 26. Let r be 10/12 + 3/18. Let j be (-31 + -9)/(r + -2). What is the greatest common divisor of t and j?
8
Suppose 2*p = -0*p + 6. Let o be (2 - -70)*(p - 15/6). Calculate the greatest common divisor of 72 and o.
36
Suppose -c + 69 = 2*v + 2*c, -v - 2*c + 36 = 0. Calculate the highest common divisor of v and 20.
10
Let d be (-222)/(-18) + 4/6. Suppose -4*j - 117 = -3*b, 293*b - 288*b - 5*j - 195 = 0. What is the greatest common divisor of d and b?
13
Suppose 2*l + 2*l - 60 = 0. Suppose 0 = -v + 1, -2*f + 3*f - v = 3. Suppose 601 = f*d - 59. Calculate the highest common divisor of d and l.
15
Let r(n) = -n**3 - 17*n**2 - 20*n - 33. Let b be r(-16). Calculate the greatest common factor of 31 and b.
31
Suppose 3*q = a + 153, -11*a + 14*a = -3*q + 141. What is the greatest common divisor of q and 20?
10
Suppose -6*v + 117 = -93. Calculate the greatest common divisor of v and 105.
35
Suppose -s + 5 = 0, 5*s - 51 = -5*y + 3*y. Let h(b) = -18 + 2 - 1742*b - 2*b**2 - b**3 + 1746*b. Let k be h(-5). What is the greatest common divisor of y and k?
13
Let h(z) = -2*z - 3*z**2 + 5 - z**3 + 8*z**2 - 4*z. Let y be h(4). Let l be 14/(-3*y/36). What is the highest common factor of l and 8?
8
Suppose u + 3*u = 64. Let l be 24*((-12)/66 - (-168)/198). What is the greatest common factor of u and l?
16
Let h = 72 + -18. What is the greatest common factor of 270 and h?
54
Let x(v) = -v**3 - 6*v**2 + 4*v + 1. Let f be x(-7). Suppose -32 = -5*y - 0*m + m, -3*y + 2*m + f = 0. Calculate the greatest common factor of 9 and y.
3
Let k(b) = 10*b + 268. Let q be k(-12). Calculate the highest common factor of q and 1258.
74
Let i = -2699 - -2708. Let h be 4/2 - 1 - 0. Let w be 9 + h/2*0. What is the greatest common factor of i and w?
9
Suppose -5*d + 79 = -56. Suppose -6*w + 89 = -19. What is the highest common factor of w and d?
9
Let s(w) = 10*w + 62. Let k be s(-5). What is the highest common factor of k and 114?
6
Suppose 0 = -2*s + 7 - 1. Let w = -10 - -42. Suppose -s*d - w = -545. What is the greatest common factor of d and 19?
19
Let r = -166 - -267. Let q = r + -59. What is the greatest common divisor of q and 56?
14
Suppose -31 = 3*q - 2*s + s, 0 = -3*s - 6. Let j(i) = -3*i - 3. Let u be j(q). What is the greatest common divisor of 15 and u?
15
Let o be 482/(-8)*60/15. Let u = -228 - o. Suppose 0 = 5*s + 3*k - 706, -k + 709 = 5*s + k. Calculate the greatest common factor of s and u.
13
Let l(g) be the first derivative of 32*g**3/3 + g**2 + g - 4. Let x be l(3). Suppose 5*p - 50 = x. Calculate the highest common divisor of 46 and p.
23
Suppose -u = -a + 8, u + 4 - 36 = -4*a. Calculate the greatest common divisor of 64 and a.
8
Suppose -4*q - 118*f = -123*f - 219, 0 = -4*q + 3*f + 213. Calculate the highest common factor of 663 and q.
51
Suppose -t + 2*t + 2*s = 5, -5*s + 6 = 2*t. Let j = 9 - t. Let v be j/(12/(-8) - -1). What is the highest common factor of v and 8?
8
Suppose 2*i - 20 = i. Suppose 0 = -4*a + i. Suppose 5*q = -10, -a*q + 60 + 70 = 4*p. Calculate the highest common divisor of 7 and p.
7
Let j(z) = 13*z + 157. Let x be j(-9). Calculate the greatest common factor of x and 32.
8
Suppose 2*f - 521 + 131 = 0. Let y(g) = -93*g - 264. Let a be y(-3). Calculate the highest